greatest common factor of 5507514 and 1458.
162
Calculate the greatest common divisor of 17913 and 156639.
21
What is the greatest common divisor of 19433813 and 7?
7
What is the greatest common factor of 70399 and 22517?
89
What is the greatest common divisor of 865536216 and 2544?
1272
What is the highest common divisor of 1197 and 4547669?
133
What is the greatest common divisor of 719587 and 77077?
121
What is the greatest common factor of 25588 and 819756359?
6397
What is the highest common divisor of 28364 and 1011304?
28
What is the greatest common divisor of 150858 and 88614?
18
Calculate the greatest common divisor of 425285016 and 728.
104
What is the highest common divisor of 695652 and 685657?
1999
What is the highest common factor of 407600 and 10250?
50
Calculate the highest common factor of 4864 and 36147456.
256
Calculate the highest common factor of 157784 and 60.
4
What is the greatest common divisor of 162 and 51545889?
81
What is the greatest common factor of 25548392 and 12?
4
Calculate the greatest common factor of 32 and 28987584.
32
Calculate the greatest common divisor of 20962 and 227906.
446
What is the highest common factor of 27820746 and 27?
27
What is the greatest common factor of 474998 and 790942?
1082
Calculate the highest common divisor of 20804 and 114716.
28
What is the greatest common factor of 11948 and 100978?
58
Calculate the highest common divisor of 5146193 and 343046.
503
Calculate the greatest common factor of 7523362 and 93718.
1994
What is the greatest common divisor of 2991578 and 662?
662
Calculate the greatest common divisor of 72905 and 505.
5
What is the highest common divisor of 140725771 and 93?
31
Calculate the greatest common factor of 686119 and 14.
7
Calculate the highest common divisor of 84891372 and 318.
318
Calculate the greatest common divisor of 235 and 16511460.
5
What is the greatest common divisor of 10660 and 2054300?
20
Calculate the greatest common factor of 3355035 and 14160.
885
What is the highest common factor of 24159660 and 6440?
3220
Calculate the highest common divisor of 45271 and 1768232.
2663
Calculate the greatest common factor of 46435069 and 3971.
361
What is the highest common factor of 40 and 969992?
8
Calculate the highest common divisor of 1211085 and 125685.
135
Calculate the greatest common divisor of 2009 and 2037208.
41
What is the highest common factor of 48 and 46592?
16
What is the greatest common divisor of 41202 and 520074?
54
What is the highest common divisor of 31 and 5301186?
31
What is the greatest common divisor of 629 and 20262606?
629
Calculate the highest common factor of 7214484 and 594.
6
Calculate the greatest common divisor of 157 and 106070927.
157
Calculate the highest common divisor of 12831 and 22837269.
273
Calculate the greatest common divisor of 40 and 138709370.
10
Calculate the greatest common factor of 29069173 and 996.
83
What is the highest common factor of 423254 and 542113?
2899
Calculate the highest common factor of 200 and 5624850.
50
Calculate the greatest common divisor of 740 and 172332865.
185
Calculate the greatest common factor of 230680 and 119764.
316
What is the highest common divisor of 1658592 and 62463?
1329
What is the highest common divisor of 1140 and 3016212?
228
What is the highest common divisor of 295490 and 176410?
130
What is the greatest common factor of 10794077 and 210583?
6793
What is the highest common factor of 245 and 2225699?
7
What is the greatest common factor of 5332 and 4606629388?
5332
Calculate the greatest common factor of 436862275 and 24625.
4925
Calculate the highest common factor of 51 and 11188805.
17
What is the highest common divisor of 252 and 68753493?
9
What is the greatest common factor of 63548057 and 136?
17
Calculate the greatest common factor of 1315872 and 58392.
72
Calculate the greatest common divisor of 5866743 and 55389.
1497
Calculate the highest common divisor of 13440 and 230880.
480
Calculate the highest common divisor of 4130928 and 9792.
144
Calculate the highest common factor of 886310 and 345845.
1315
Calculate the highest common factor of 491214 and 93.
3
What is the highest common factor of 5415 and 2577825?
285
Calculate the greatest common factor of 150 and 62393075.
25
Calculate the greatest common factor of 285 and 14618355.
15
Calculate the greatest common divisor of 65471 and 28952.
329
What is the highest common factor of 2785621 and 5617?
137
What is the greatest common factor of 10296 and 2788786?
286
What is the greatest common divisor of 176 and 2446744?
8
What is the highest common divisor of 3306 and 1962546?
174
What is the greatest common factor of 80075059 and 431?
431
Calculate the highest common divisor of 608458 and 32943.
79
Calculate the highest common factor of 552 and 142945736.
184
What is the highest common factor of 60221 and 8716068?
1229
Calculate the highest common factor of 346436 and 13817.
337
What is the highest common divisor of 8434045 and 332?
83
What is the highest common factor of 20689550 and 2450?
350
Calculate the highest common divisor of 426 and 113734758.
426
Calculate the greatest common divisor of 18086 and 269653217.
9043
Calculate the highest common factor of 27 and 82447137.
9
Calculate the highest common divisor of 351438 and 12.
6
What is the highest common factor of 432353 and 57539745?
9199
What is the greatest common divisor of 34844 and 260276?
124
Calculate the highest common divisor of 2013 and 5745773.
671
What is the greatest common divisor of 4627726 and 13473?
499
What is the greatest common divisor of 474 and 15018058?
158
Calculate the highest common divisor of 24013664 and 64.
32
Calculate the highest common divisor of 4050 and 74827650.
150
What is the highest common divisor of 19681104 and 623?
89
What is the highest common factor of 754114115 and 725?
145
What is the greatest common factor of 3062699 and 14023?
379
What is the greatest common divisor of 611 and 1450319?
13
Calculate the highest common factor of 414646576 and 2139.
713
What is the greatest common divisor of 5246524 and 68716?
164
Calculate the highest common factor of 6237 and 1613682.
567
Calculate the highest common factor of 81693 and 60409.
313
What is the highest common factor of 54234854 and 38?
38
Calculate the highest common divisor of 40 and 1245568.
8
What is the greatest common factor of 96 and 259628412?
12
Calculate the greatest common factor of 192 and 47767152.
48
What is the greatest common factor of 127282125 and 6975?
2325
Calculate the greatest common factor of 11192690 and 30.
10
Calculate the highest common divisor of 2951 and 261339.
13
What is the greatest common divisor of 1080386346 and 221?
221
What is the highest common divisor of 12 and 401015316?
12
Calculate the greatest common factor of 4515 and 106995.
105
What is the highest common divisor of 260882858 and 2522?
194
What is the greatest common factor of 68751031 and 5350?
107
What is the greatest common divisor of 24078093 and 26?
13
What is the highest common divisor of 290783 and 261?
29
Calculate the greatest common divisor of 203045662 and 347.
347
What is the greatest common divisor of 26 and 826358143?
13
What is the greatest common factor of 227 and 335110339?
227
What is the greatest common divisor of 13747554 and 2043?
9
What is the highest common factor of 619815 and 3045?
105
Calculate the highest common divisor of 4985857 and 2203455.
8641
Calculate the greatest common divisor of 97582727 and 177859.
7733
What is the greatest common divisor of 273 and 915663?
21
Calculate the greatest common divisor of 12456 and 91880127.
1557
What is the greatest common factor of 4317151 and 1?
1
Calculate the greatest common factor of 16 and 546266992.
16
What is the highest common divisor of 1054512 and 952128?
432
What is the highest common factor of 238307327 and 173?
173
What is the highest common factor of 43751 and 291891?
653
Calculate the highest common factor of 1051722 and 17.
17
Calculate the greatest common divisor of 70 and 494821355.
35
What is the highest common divisor of 266 and 80077634?
14
Calculate the highest common divisor of 50447 and 65209.
61
Calculate the highest common factor of 18161 and 90551.
127
Calculate the